/1 - 70/5. Let j = q - -44. What are the prime factors of j?
2, 17
Let z be (4 + -6)*105/(-6). List the prime factors of ((-12)/(-10))/(14/z).
3
Let f = -121 - -253. What are the prime factors of f?
2, 3, 11
List the prime factors of (-2408)/(-9) + 92/207.
2, 67
Suppose 103 = -h + 4*w - w, 0 = -2*w + 6. Let s = h - -166. List the prime factors of s.
2, 3
Suppose i + 5 = 2*v, 0 = 3*i - v - 0 - 5. Suppose 3*f = -0*s + 5*s - 35, 5*f = -25. What are the prime factors of 13 + (s - (i - 2))?
2
Suppose -18 = -h - 0*h. Let i be 32/h + (-8)/(-36). Suppose -72 = -6*x + i*x. List the prime factors of x.
2, 3
Suppose 0 = -2*p - 4 + 6. Suppose n = 21 - p. Suppose -2*g = -10 - n. What are the prime factors of g?
3, 5
What are the prime factors of -228*(-176)/33 + 3 + -5?
2, 607
Let j(g) = 34*g**2 - 5*g. List the prime factors of j(-4).
2, 3, 47
Let z be 1/(26/(-24) + 1). Let l = z + 17. Suppose -m + 156 = 5*g, -l*g = m - 2*m - 164. List the prime factors of g.
2
Let c(l) = 9*l - 6. Let k be c(2). Let i(q) = q**3 - 12*q**2 + 2*q - 12. List the prime factors of i(k).
2, 3
List the prime factors of 2*5/(30/777).
7, 37
Suppose -3*x + 93 = 4*z, 5*x = -5*z - 0*x + 120. Let y = z - 21. Suppose y = o + 2*o - 102. What are the prime factors of o?
2, 17
Suppose 9*i = -15*i + 3720. What are the prime factors of i?
5, 31
Let g(d) = d**2 + 5*d + 1. Suppose -4*w - 8 = -2*w. Let j be g(w). List the prime factors of 130/8 - j/(-12).
2
Let v = -83 + 165. List the prime factors of v.
2, 41
Let f = 1002 - 503. Let g = f - 353. List the prime factors of g.
2, 73
Let y be 92/(-9) - 2/(-9). Let q = -2 - 21. Let x = y - q. List the prime factors of x.
13
Let b(m) be the second derivative of m**3/6 - 3*m**2 + 3*m. Let z be b(6). Suppose x - 25 = -z*x. What are the prime factors of x?
5
Let c(x) = -3*x**3 - 1. Let z be c(-1). Suppose 185 = z*m - 241. What are the prime factors of m?
3, 71
Suppose -3*k = -5*h + k + 12526, 2*h - 4*k - 5008 = 0. What are the prime factors of h?
2, 7, 179
Let z = -3 - -5. Let w be (-4)/(2/(z + -3)). Suppose -w*h + 170 = 3*h. What are the prime factors of h?
2, 17
Suppose a - 23 = -20. Suppose s = a*t + 119 - 13, -2*s + 3*t + 221 = 0. What are the prime factors of s?
5, 23
Suppose 0 = -5*a - 33 + 293. Let g = 102 - a. List the prime factors of g.
2, 5
Let m(u) = 60*u**2 + 2*u + 2. Let h(d) = -d**3 + 19*d**2 + 20*d - 1. Let n(c) = -9*c - 7. Let k be n(-3). Let r be h(k). What are the prime factors of m(r)?
2, 3, 5
What are the prime factors of 10/(-180)*4 + (-14332)/(-18)?
2, 199
Let o be -3 + (-282)/(-2) + 1. Suppose -3*g + 5*x + o = 0, -g - 170 = -6*g - 4*x. Suppose 0*i = -5*i + 2*r + 89, -2*i + 2*r = -g. List the prime factors of i.
17
Suppose 9*d = 4*d - 3395. Let s = d + 977. List the prime factors of s.
2, 149
Let h(n) = -2*n**2 - 11*n - 2. Let o be h(-5). Suppose -249 = -o*p - 60. List the prime factors of p.
3, 7
Let n(i) = -i**2 + 11*i - 7. Let p be n(10). Suppose 3 = u, -u + 35 = l + p*u. What are the prime factors of l?
23
Let z(s) = 33*s**2 + 3 + s - 2 - 3*s**2 - 2. List the prime factors of z(-2).
3, 13
Let z be (52/20 - 3)*5. What are the prime factors of z/(-1) - (-94 + (-24)/(-6))?
2, 23
Let h = -6 - -8. Let t be (2 - h)*(-2)/4. Suppose k + 2 - 4 = t. List the prime factors of k.
2
Let u(a) = -2*a**2 + 19*a + 16. Let y be u(12). Suppose 0 = 3*p + 3*k - 216, 2*p - 88 = k + 62. Let t = y + p. What are the prime factors of t?
2, 3, 5
Let p be (-225)/(-10)*2/3. Let x = 42 - p. List the prime factors of x.
3
Suppose -k = 6 - 4. Let w(g) = 9*g. Let d be w(6). List the prime factors of ((-3)/9)/(k/d).
3
Let a = 21 + -32. Let l be -5*(4 - a)/(-5). Suppose -3*g + l = 3*m, 5*g = 5*m + 3 + 2. What are the prime factors of m?
2
Suppose 15 - 59 = 22*s. Let c(i) = -i**3 + 5*i**2 + i - 3. Let h be c(5). List the prime factors of -1 + 4 - (h + s).
3
Let s(d) = -164*d + 4. List the prime factors of s(-1).
2, 3, 7
Suppose 4*s + j = 20209, -s + 5*j + 15128 = 2*s. What are the prime factors of s?
5051
Let n(w) = 27*w + 1. Let d(p) = -41*p - 1. Let k(r) = 5*d(r) + 8*n(r). List the prime factors of k(1).
2, 7
Let u(t) = -t**3 - 6*t**2 + t + 8. Suppose -2*r + 0*r - 39 = -5*l, 0 = -5*r - 4*l - 15. List the prime factors of u(r).
2, 5
Suppose -27 + 7 = -5*z. Suppose 28 = -5*k - 0*k + 3*u, 0 = 4*u - z. List the prime factors of -1 + 4 + (-210)/k.
3, 5
List the prime factors of (-88960)/(-56) - (-12)/(-21).
2, 397
Let s = -32 + 23. Let b be 5*(s/3 + 4). Suppose 0 = -3*h + 2*k - 5*k + 78, -132 = -b*h - 3*k. List the prime factors of h.
3
Let r be (-5)/(-5 + 0) + 3. Suppose 330 = 5*o + 5*h, -r*o - 2*h = -61 - 193. List the prime factors of o.
61
Let w(t) = -32*t + 2. List the prime factors of w(-5).
2, 3
Let y(w) = w**2 + 15*w + 1. Let q be y(-18). Suppose 5*i - 125 = q. List the prime factors of i.
2, 3
Let o be (-4 - -6)/(0 + 2/4). List the prime factors of (150/o)/(4/24).
3, 5
Let u = -52 - -1173. What are the prime factors of u?
19, 59
Suppose 0 = -3*f + 4*r + 33, -r = 4*f - 0*r - 25. Let o = 54 + 3. Suppose f*p - 4*p - o = 0. List the prime factors of p.
19
Suppose -14 = -0*p + p + 5*f, 0 = 3*p + f - 14. Let w(z) = 3*z - 5*z + 3 - z**2 - z**3 + p*z + z. What are the prime factors of w(-3)?
2, 3
Let a(n) = 5 + 6*n + 0*n**2 + n**3 + 5*n**2 + 2*n**3 - 4*n**3. List the prime factors of a(6).
5
Suppose 0 = -5*n + a + 2*a - 328, 66 = -n + a. Let o = n + 163. What are the prime factors of o?
2, 7
Suppose 2216 = 12*k + 80. Let z = 300 - k. List the prime factors of z.
2, 61
Let m(f) = -f**3 + 7*f**2 + 18*f - 20. Suppose -9 = -x - r, 6*r - 33 = -3*x + r. List the prime factors of m(x).
2, 31
Let l(h) = -3*h + 2. Suppose 3*p = -c - 3, 2*p + 3*c + 9 = 5*p. Let y be l(p). What are the prime factors of 4 + (-2 - y) + 19?
19
Let g = 245 + -20. What are the prime factors of g?
3, 5
Let x(m) = -2*m + 5. Suppose 0*u = -u. Let v be x(u). Suppose 3*q - 85 = 5*z, -v*q + 61 + 62 = z. What are the prime factors of q?
5
Suppose -6*i = -4*i - 196. Let b = -85 + i. List the prime factors of b.
13
Suppose 1164 - 379 = 5*i. Let j = i - 88. List the prime factors of j.
3, 23
Let a(s) = s + 3. Let n be a(1). Let y = 13 + n. List the prime factors of y.
17
Let w = 364 + 31. Let r = w - 234. List the prime factors of r.
7, 23
Let z = -1168 - -2024. What are the prime factors of z?
2, 107
Let r = 9 - -3. Suppose r*o - 321 = 9*o. Suppose d - c - 19 = 10, 0 = 4*d - c - o. What are the prime factors of d?
2, 13
Suppose 4*h - 916 = 5*f + 2940, -2*h = -5*f - 1938. List the prime factors of h.
7, 137
Let k be (-80)/(-15) - 2/(-3). Let s(y) = -k*y**2 + 2*y + 4*y + y**3 - y + 4. List the prime factors of s(5).
2
Suppose 2*j = 3*j - 3. Let h(x) = -45*x - 4. Let z be h(j). Let s = 197 + z. List the prime factors of s.
2, 29
Let g(s) = -3*s**3 - 4*s**2 - 5*s + 2. Let b be g(-5). Suppose -2*r + a + a = -b, 3*r - 459 = 5*a. What are the prime factors of r?
2, 37
Suppose 0 = 2*k - 3*h - 2709, -3*h - 167 = -k + 1183. List the prime factors of k.
3, 151
Let f = -1328 + 3022. List the prime factors of f.
2, 7, 11
What are the prime factors of 4 + -2 - -853 - 54/9?
3, 283
Let l = -12 + 21. Let i = l + 42. List the prime factors of i.
3, 17
What are the prime factors of 30/180 + (-6941)/(-6)?
13, 89
Suppose 2*v - 8 = -2. Let k be v/15 - 52/10. List the prime factors of 210/25 - (-2)/k.
2
Let u be (-1)/(2 + (-44)/20). Let j(r) = 4*r + 3 - 12 - u*r + 3*r. What are the prime factors of j(13)?
17
List the prime factors of 5 - ((-8)/10 - (-12772)/(-10)).
1283
Let y = -40 - -72. Let f be 1 - 3 - (y - 4). What are the prime factors of (f/7)/(1/(-7))?
2, 3, 5
Let p = -111 - -643. List the prime factors of p.
2, 7, 19
Suppose 2*c - 3*y = -204 + 2937, 5*c - 3*y = 6837. List the prime factors of c.
2, 3, 19
Let v = -15 + 15. Suppose 0 = 3*s - 6, -r - 5*s + 2*s + 154 = v. What are the prime factors of r?
2, 37
Suppose -15*k + 1582 = -12503. List the prime factors of k.
3, 313
Let z(r) = -r**3 + 10*r**2 - 10*r + 4. Let d be z(9). List the prime factors of 158 - ((d - 4) + 5).
2, 3
Let i(v) = -2*v**2 + 2*v + 2845. What are the prime factors of i(0)?
5, 569
Let t(s) = -3*s. Let d be t(-1). Suppose 0 = d*r + r - 68. List the prime factors of r.
17
List the prime factors of ((-1706)/(-6))/((-17)/714*-14).
853
Let u = -15 - 